termine n(s).
8
Let r(b) be the second derivative of -b**3/3 - 25*b**2/2 + 3*b - 23. Let k(f) = -f**3 - 10*f**2 + 12*f - 5. Let w be k(-11). Determine r(w).
7
Suppose -38 = -6*p + 88. Suppose 33 = -6*c + p. Let o(f) = -6*f**2 - 3*f - 2. Give o(c).
-20
Let c(j) = -3*j**2 + j + 3. Suppose -7 = -2*w + m, 0 = 3*w + 6*m - 4*m. Calculate c(w).
-7
Let j(w) = -9*w**2 - 1. Let l be (-12)/48*(208/(-24) + (-4)/(-6)). What is j(l)?
-37
Let q(y) = -78*y + 0*y**2 - 3*y**2 + 66*y - 6 + 35*y. Determine q(7).
8
Let d(a) = 11*a**3 - 11*a**2 + 32*a - 18. Let s(h) = -7*h**3 + 8*h**2 - 21*h + 12. Let q(z) = 5*d(z) + 8*s(z). Suppose -x - 4*x = -40. What is q(x)?
6
Suppose 2*j = 5*b, 3*b = b - 2*j - 14. Let t = b - -4. Let u(i) = 11*i**2 + i**2 - 2*i**t + i**2. Determine u(-1).
11
Let t(f) = -f + 51. Let u(x) = 2*x - 144. Let s(m) = -8*t(m) - 3*u(m). Determine s(-15).
-6
Let n(x) = -21375869*x + 13*x**2 + 19 + 21375909*x + x**3 + 27*x**2. Give n(-39).
-20
Let t(f) = 4985*f**2 - 2465*f**2 - 2489*f**2. Determine t(1).
31
Let l(c) = -7 + 3*c + 19 - 2*c. Suppose 120 = 9*v - 3*v. Let n be (1 - 51/6)*v/25. What is l(n)?
6
Suppose 3*b - 4*b = -2*x - 122, 4*x = -3*b + 376. Let i = 120 - b. Let s(l) = -3*l + l - 1 - 2. Determine s(i).
5
Let g(p) = 125*p - 44*p - 37*p - 27*p - 96 + 571. What is g(-28)?
-1
Let z(c) = 109 + 70*c + 101*c - 177*c. Give z(18).
1
Let y(h) = -6*h**3 + h**2 - h. Let p = -6510 + 6515. Let c = -2 - -4. Suppose 2*q - l - 7 = 0, 0 = -p*q + c*l + 12 + 3. Calculate y(q).
-6
Let z(f) be the first derivative of f**2 - 2*f - 37 - 1/3*f**3. What is z(3)?
-5
Let s be ((-63)/14)/((-57)/152) - 10. Let i(n) = -n**3 + n**2 - 32*n + 65. What is i(s)?
-3
Let z(h) = -h**3 - 4*h**2 + h - 2. Let w be ((-10545)/(-18))/5 - 10/60. Suppose -23*a + 25 = w. Calculate z(a).
-6
Suppose z + 4 = -5*k + 3*k, -4*z - 17 = 9*k. Let l(g) = 3 - 3*g**2 - g + 5 - 15 + 8. Give l(z).
-9
Suppose 7*g - 22 = -22. Suppose -6*m + 54 - 36 = g. Let t(k) = -23*k**2 + 25*k**2 - 2 + 3 + k**m + 2*k + 0. Determine t(-3).
-14
Let x(d) = -24*d + 22*d - 2*d + d**2 - 5. Let a be x(6). Let z(l) = l**3 - 7*l**2 - 8. What is z(a)?
-8
Let m(a) be the first derivative of -1/3*a**3 + 101 + 3*a + 1/4*a**4 - 2*a**2. Give m(2).
-1
Let f(b) = -2*b**2 - 56*b + 64. Let p be f(-29). Suppose 2*i - 26 = -2*w, -2*i + w + p = -w. Let q(v) = 2*v - 7. Calculate q(i).
9
Let n(c) = -5*c + 2. Let l(v) = -4*v + 2. Let z(w) = 6*l(w) - 5*n(w). Let p(i) = -14*i**2 - 3*i**2 - 46 + 16*i - 4 - i**3 + 9. Let t be p(-18). What is z(t)?
-3
Let t(i) = 7*i**2 + 11*i + 2. Let x(r) = -2*r**2 - 3*r. Let g(c) = t(c) + 4*x(c). What is g(3)?
-10
Let z(g) = g**3 + g**2 - 2*g + 2. Let d(m) = 2*m**2 + 9*m - 15. Let s be d(3). Let y be 3 + (-162)/s + (-6)/10. What is z(y)?
-10
Let j(r) be the second derivative of 2*r**3 + 13/12*r**4 + 2 + 36*r - 2*r**2 + 1/20*r**5. Determine j(-12).
-4
Let d(y) = y**3 - 41*y**2 + 4*y - 172. Let b be 7 + (-559)/(-13) + (-3 - 6). Calculate d(b).
-8
Let l(y) = 4*y**3 - 43*y**2 - 12*y + 25. Let p(w) = w**3 - 10*w**2 - 3*w + 6. Let v be -9*6/18*1*3. Let u(x) = v*p(x) + 2*l(x). What is u(3)?
14
Let q(d) = d**2 + 3*d - 11. Let w(p) be the first derivative of -p**3/3 + p**2/2 + p - 97. Let u(l) = q(l) + 2*w(l). Give u(6).
-15
Let x(q) = 26 - 16 - 14*q**3 + q - 9 + 4*q**3. Suppose p = 179 - 180. Determine x(p).
10
Let b(v) be the third derivative of v**8/10080 + v**7/720 + v**6/360 + 14*v**5/15 + 75*v**2. Let w(h) be the third derivative of b(h). Calculate w(-3).
-1
Let l = 407 + -415. Let z(x) = x**2 - 61. Let i be z(l). Let m(h) = 2*h**2 - 7. What is m(i)?
11
Let u(q) = -q - 13. Let t(p) = p**3 + p**2 + p + 156. Let v be t(0). Let m = -167 + v. Give u(m).
-2
Let o be (3 + -2)/(3*4/(-84)). Let g(y) = -y**3 - 7*y**2 - y + 3. Let w be g(o). Suppose -w*b + 9*b + 11 = 0. Let d(q) = q**2 - 12*q + 3. What is d(b)?
-8
Let c(i) = -i**2 + 14. Suppose -24*j + 995 = 1067. Give c(j).
5
Let g(b) = 5*b**3 + 52*b**2 + 100*b - 97. Let c(o) = -13*o**3 - 106*o**2 - 199*o + 192. Let q(k) = 2*c(k) + 5*g(k). Calculate q(50).
-1
Suppose 7*l + 90 = 62. Let i(k) = 2*k**2 + 6*k + 4. What is i(l)?
12
Let u be 7 - 8*60/96. Let j(t) be the second derivative of 0 + 13*t - 2*t**u + 1/6*t**3. Give j(-5).
-9
Let u(k) be the first derivative of k**4/4 - 2*k**3 - 3*k**2/2 - 33*k + 4. Give u(7).
-5
Let b(l) be the second derivative of 6*l**2 - 5*l + 0 + 1/6*l**3. Calculate b(-12).
0
Let g(u) = -u**3 + 8*u**2 + u. Let j(s) = 2*s**2 - 117*s + 66. Let p be j(58). Determine g(p).
8
Let i(u) be the third derivative of -5/24*u**4 + 1/10*u**5 + 248*u**2 + 0*u + 0 - 1/120*u**6 - 2/3*u**3. Determine i(4).
8
Let q be (136 - 122) + 20/(-1). Let g(a) = 44*a + 260. Calculate g(q).
-4
Let a(s) be the second derivative of -s**4/12 - 3*s**3 - 51*s**2/2 - 4917*s. Give a(-14).
5
Let i(y) be the second derivative of -7*y**4/6 + 5*y**3/6 - y**2 - y - 19. Calculate i(1).
-11
Let o(h) = -623*h - 669. Let j(v) = -221*v - 223. Let x(k) = 17*j(k) - 6*o(k). Give x(12).
-5
Let q = 11661 - 11639. Let o(y) = y**3 - 22*y**2 - 2*y - 23. Calculate o(q).
-67
Let u(i) be the first derivative of -i**2 + 8*i + 149. Let s(p) = -4*p + 15. Suppose -d - 4 - 7 = 0. Let c(g) = d*u(g) + 6*s(g). Calculate c(7).
-12
Let j(k) = k**3 - 4*k**2 + k - 2. Let w be j(4). Let y(p) be the first derivative of -p**2/2 + 4*p - 2852. Calculate y(w).
2
Let j(y) = y**3 - 15*y**2 + 9*y + 7. Suppose 0*m + 37*m - 3*m - 476 = 0. What is j(m)?
-63
Suppose -5*l - 18 = -2*r, 6*r + 2*l + 11 = 31. Let a(o) be the third derivative of -5/6*o**3 - 1/24*o**r + 0*o + 17*o**2 + 0. Calculate a(0).
-5
Let h(s) = 7*s + 1. Let u(w) = -8*w - 1. Let d(a) = -5*h(a) - 4*u(a). Suppose -49*r + 52*r - 5*c = -2, -5*r + 2*c = -3. Calculate d(r).
-4
Let w(q) = -q - 4. Suppose 2*a = -6*a - 80. Let o be (-46)/a + 9/((-90)/(-4)). Suppose 4*i = 2*h + o*i + 14, -5*h = -4*i + 22. Give w(h).
2
Let a(u) = 1307690*u**2 - 3*u**3 + 2*u**3 - 1307680*u**2 - 3*u - 1 + 2*u. Give a(10).
-11
Let h(k) = 46*k - 14*k - 31*k + 5. Let w(g) = 1. Let q(s) = h(s) - 4*w(s). Determine q(-11).
-10
Let h be (-9)/(-27) - (-1 + 1358/6). Let y be (-2)/8 + h/(-36). Let f be ((-6)/(-2))/(y/8). Let c(q) = -6*q + 6. Calculate c(f).
-18
Let n be 7 - (2 - 0 - 1). Let l(v) = -31*v - 5. Let t(d) = -13*d - 6. Let z(o) = l(o) - 2*t(o). Determine z(n).
-23
Suppose 0 = 521*h - 654*h + 665. Let j(m) = m. Let q(t) = -7*t - 3. Let u(o) = 5*j(o) + q(o). What is u(h)?
-13
Suppose -19 = 2*r + 7*u, 0 = -5*u + 7 - 32. Let l(d) = d**3 - 7*d**2 - 8*d + 4. Determine l(r).
4
Suppose -90 = -5*v - 13*v. Let u(g) = 2*g**3 - g**3 - 6*g + 16 - v*g**2 - 10. Calculate u(6).
6
Let v = 8 + -6. Let a = -813 - -817. Let s(t) = t + 5*t + a*t**2 - 7 + 4 - 3*t. Give s(v).
19
Let k(f) = 4*f - 2. Let z(s) = -38*s - 1. Let t(h) = -h - 8. Let g be t(-9). Let y be z(g). Let w = y + 41. Determine k(w).
6
Let o(p) be the second derivative of -p + 0 - 5/3*p**3 + 5/2*p**2 + 1/12*p**4. Calculate o(10).
5
Let b(u) be the first derivative of u**3/3 - 3*u**2/2 - 16*u - 6186. Determine b(9).
38
Let f(p) = p**2 + 11*p + 1. Suppose 0 = -4*h - 2*z + 10 + 4, -4 = -2*h - 2*z. Let k be (3 - h) + (-11 - 6/(-2)). What is f(k)?
-9
Suppose 7*g + 11 - 39 = 0. Suppose 4*b + 2*s + 38 = 0, 4*b - 6*b + g*s = -6. Let r(n) = n**2 + 9*n - 4. Give r(b).
-18
Let n(r) = -4*r**2 - 5*r - 9. Let p(b) = 2*b**2 + 3*b + 5. Let l(o) = -6*n(o) - 11*p(o). Determine l(3).
8
Suppose 0 = 3*d + 5*s - 4, -5*d - 29 + 11 = -4*s. Let a(x) = -9*x + 619. Let h(z) = -9*z + 774. Let q(v) = 5*a(v) - 4*h(v). Determine q(d).
17
Let s be 456/(-1064) - (-230)/14. Let a(t) = t**3 - 17*t**2 + 17*t - 19. Give a(s).
-3
Let i(d) = -6*d - 32. Let b(q) = 26*q**2 + 73*q - 7. Let y be b(-3). What is i(y)?
-80
Let c(q) = 2*q - 16. Let u(v) = -v**2 + 56*v - 304. Let i be u(50). What is c(i)?
-24
Let u(n) = 13*n + 7. Let m be u(8). Let w be (-380)/(-7) + m/(-21) + 5. Suppose 0 = y - 7*y - w. Let j(c) = c**2 + 8*c - 2. Give j(y).
7
Let k(b) = b**3 - 15*b**2 + 4*b - 27. Suppose -5*g + 4*a + 238 = 167, -2*a = 2*g - 32. Calculate k(g).
33
Let p(i) = 33*i - 1 + i**2 - 17*i - 22*i. Let d be ((-210)/45)/((-14)/18). Give p(d).
-1
Let o(x) = 13*x**3 + 4*x**2 - x + 9. Let v(j) = -7*j**3 - j**2 - 2*j - 1. Let r(z) = o(z) + 2*v(z). Determine r(3).
-17
Let q(y) be the third derivative of -92*